*v - 10 - 24 = t. What is the tens digit of v?
1
Suppose -18 = -5*i + 2. What is the units digit of (-16)/12*(-30)/i?
0
Let y(o) = -o**3 + 5*o**2 + 2*o - 8. What is the tens digit of y(4)?
1
Let h(k) = -k + k**2 + 2 - 2. Suppose o + o - 4 = 0. What is the units digit of h(o)?
2
Let h(k) = -4*k**2 - 4*k + 9. Let j(m) = -5*m**2 - 5*m + 10. Let s(l) = -4*h(l) + 3*j(l). What is the tens digit of s(-5)?
1
Let t(v) = -27*v**3 - v. Let u = -2 + 3. Let p be t(u). Let m = -19 - p. What is the units digit of m?
9
Suppose -3*g - 23 = 5*l, 2*g + 3 = -2*l + 7*g. Let h be (l - -2)*(-5)/(-2). What is the units digit of (-11)/h + (-7)/35?
2
Suppose 0 = 2*j - 4*v - 48, -3*j + 3*v + 43 = -20. Let s = j - -15. What is the units digit of (-4)/22 - (-303)/s?
9
Let v = -4 + 6. Let n be v*2/(-16)*-12. What is the units digit of -2 - (-10 - 3/n)?
9
Let j be 2/4 - ((-78)/12 - -3). Let o(i) = 5*i**3 - 4*i**2 + 3. Let x(m) = 6*m**3 - 4*m**2 - m + 4. Let l(q) = 5*o(q) - 4*x(q). What is the units digit of l(j)?
5
Let r(k) = -6*k + 5. Let x = 9 - 5. Let w(u) = 5*u - 4. Let c(i) = x*r(i) + 5*w(i). What is the tens digit of c(10)?
1
What is the tens digit of (-10)/14 + 16/(-56) + 36?
3
Suppose l + 2*l - 54 = 0. What is the units digit of l?
8
Suppose 0 = 3*m + 3*o - 2*o - 76, 5*o - 68 = -2*m. What is the units digit of m?
4
Let i(y) = -y**3 + y**2 + y + 40. What is the units digit of i(0)?
0
Suppose -3 = -5*k + 387. What is the units digit of k?
8
Suppose 2*x = 2 + 6. Suppose -12 = -0*r - x*r. What is the units digit of r?
3
Suppose 42*c = 45*c - 12. Suppose -3*v + 2*u = -0*u - 47, 4*v = -5*u + 78. Suppose c*z - 47 = v. What is the tens digit of z?
1
Let b be (2 + -5)/(12/(-32)). Let v = b + -7. What is the units digit of v?
1
Suppose -2*p + 4*w + 12 = 0, -2*p = -5*p - 5*w - 26. Let v = p + 9. What is the units digit of v?
7
Suppose 2*c + 35 = 3*q, -2*c - 4*q - 27 = c. Let d be 1/(c/7 + 2). Suppose -5*u + 8 = -d. What is the units digit of u?
3
Suppose -5*s + 136 - 36 = 0. What is the tens digit of s?
2
What is the tens digit of -1*1/((-5)/220)?
4
Suppose -3*x + 240 = 2*x. What is the units digit of x?
8
Let l(t) = 9*t**2 - 2*t + 1. Let x be (-45)/(-25) - (-1)/5. What is the tens digit of l(x)?
3
Let z(n) = -2*n**3 - 6*n**2 + 5*n + 1. What is the units digit of z(-5)?
6
Let t(l) = 6*l**3 - 5*l**2 + 6*l - 4. What is the tens digit of t(2)?
3
Suppose 0*k = 3*k - 15. Suppose k*o - 2*o - 48 = 0. What is the tens digit of o?
1
Let q(r) = -r**2 - 3*r + 2. Let s be q(-2). Let z = 6 - s. Suppose -2*t - g + 8 + 4 = 0, -z*g + 16 = 3*t. What is the units digit of t?
8
Suppose -5*i - 239 - 81 = 0. Let d = 114 + i. What is the units digit of (4/(-5))/((-4)/d)?
0
Let d be (-29)/(-9) - 10/45. What is the tens digit of 17 + 3 + (-15)/d?
1
What is the tens digit of 38/(-3)*(-39)/13?
3
What is the tens digit of 2*(-9)/18*(-1 - 318)?
1
Suppose -2*z - 24 = -4*z. Let a = z - 8. What is the units digit of a?
4
Let f(l) = 21*l**3 + 5*l**2 + l + 6. Let z(b) = -42*b**3 - 11*b**2 - 2*b - 13. Let j(v) = 13*f(v) + 6*z(v). What is the tens digit of j(1)?
2
Let p be (-49)/2 + 10/(-20). Let r = -24 - p. What is the units digit of r?
1
Let h be (6/4)/(3/24). Suppose 0*i + h = 3*i. Suppose i*d = 5 + 3. What is the units digit of d?
2
Suppose -3*u + 5*u - 2*j = -16, 0 = j - 4. Let h = 5 - u. Let d = 0 + h. What is the units digit of d?
9
Suppose 24 = 3*a - 15. What is the units digit of a?
3
Suppose 251 = 16*x - 181. What is the tens digit of x?
2
Let x(w) = -2*w - 4. Let h be x(-4). Let r = h + -2. Suppose -r*b + 1 = -19. What is the tens digit of b?
1
Let w be (-96)/10 - 4/10. Let h = -10 - w. Suppose h = 2*n + 3*u - 38, 3*n + 7*u - 2*u = 57. What is the units digit of n?
9
Suppose -2*j + t = 3*j - 326, -3*t = 2*j - 127. What is the units digit of j?
5
Suppose -9*v = 380 - 1937. What is the hundreds digit of v?
1
Let m = -17 - -29. What is the tens digit of m?
1
Suppose 2 = -2*c - 3*z, -2*c + 7*c + 23 = -3*z. Let s = 5 - c. What is the units digit of s?
2
Suppose 3*v - 9 = 27. What is the units digit of 2/(-4) - (-18)/v?
1
Let a be 6/8 + (-2)/(-8). What is the units digit of (7 + -5)*(a - 0)?
2
Suppose -j = 5*c + j + 145, 2*c = 4*j - 34. Let d = -16 - c. Let g = d - 3. What is the units digit of g?
8
Let d = 2 + 3. Let r be (2 - d) + (-1)/(-1). What is the units digit of (-9)/r*2*1?
9
Let u = 107 - 60. Let w = -33 + u. What is the units digit of w?
4
Let p(q) = q**3 + q**2 + q + 2. Let d be p(0). Let l(j) = -6*j**2 + j**d + 4*j**2 + 6 - 7*j + 4. What is the units digit of l(-8)?
2
Let q be 2/1*(0 - -1). Suppose q = s - 7. What is the units digit of s?
9
Let h = 5 + -15. Let i = h - -31. What is the tens digit of i?
2
Suppose n = -5*u + 10, -2*u + 2*n + 23 = 7. Suppose -5*p = 3*s + 64 - 23, u*p + 2*s + 25 = 0. Let o = p - -11. What is the units digit of o?
4
Let n(v) = -v**2 + v + 2. Let h be n(0). Let x be 1 + 3*h/(-3). What is the units digit of (-2)/(x + 1/2)?
4
Let i be 6/(-9) + (-25)/3. Let t(g) = g**2 + 9*g + 8. Let r be t(i). Let u = r - -3. What is the units digit of u?
1
Let n = -93 + 163. What is the units digit of n?
0
Let n(w) be the second derivative of w**5/20 + 3*w**4/4 - w**3/2 - 9*w**2/2 - 2*w. What is the units digit of n(-9)?
8
Suppose 4*m - 4 = -0, -u + 13 = 4*m. What is the units digit of u?
9
Let b(y) = -y + 5. Let v be b(5). Suppose 5*k - 28 = -5*t + 42, k + 3 = v. Suppose 0 = 4*a, 4*a + t + 23 = 5*p. What is the units digit of p?
8
Suppose -4*r + 55 = -25. What is the tens digit of -4*(-4)/(16/r)?
2
Suppose 3*v = 6*v. Let c be -3 + v - (-2 - 9). Let a = -4 + c. What is the units digit of a?
4
Let k(x) = x**3 - 13*x**2 + 16*x - 3. Let f(i) = 13*i**3 + i**2 - i - 1. Let z be f(1). What is the units digit of k(z)?
5
Suppose -c = -0*c - 120. What is the tens digit of c?
2
Let u be (-4)/14 + 92/28. Suppose 15 = 5*q, a + u*q = 2*a + 6. What is the units digit of -57*a/(18/(-2))?
9
Let p = 130 - 64. What is the tens digit of p?
6
Let p(y) = y**3 - 9*y**2 - 10*y + 1. Let v = 8 + 2. Let m be p(v). Suppose 3 + m = 4*f. What is the units digit of f?
1
Let s(i) = -i**3 + 2*i**2 + 2*i + 4. Suppose 2*h - 5 - 1 = 0. What is the units digit of s(h)?
1
Suppose -3*u = 6*u - 360. What is the units digit of u?
0
Suppose 0 = 3*u, -2*u + 111 - 5 = 2*t. What is the units digit of t?
3
What is the units digit of (162/(-27))/(2/(-25))?
5
Let h(t) = -5*t**2 + 11*t - 2. Let u(j) = 6*j**2 - 11*j + 1. Let i(a) = 5*h(a) + 4*u(a). What is the tens digit of i(8)?
1
Suppose 0 = -5*f - 0*f. Suppose 2*i - 20 = -f*i. What is the units digit of i?
0
Let x be (-1 - (0 - 0)) + -1. Let r be (40/32)/(x/(-40)). Suppose -r = -2*w - 3*w. What is the units digit of w?
5
Let n = 55 - 17. What is the units digit of n?
8
Let s(v) = -v**2 + 9*v - 3. Let u(o) = 2*o - 4. Let d be u(6). What is the units digit of s(d)?
5
Suppose 3*r = -5 + 17. Suppose 0*u = r*u - 44. What is the tens digit of u?
1
Let x(t) = -4*t + 5. What is the tens digit of x(-2)?
1
Suppose 0 = -2*s - 0*s. Suppose 0*b + b - 4*c - 10 = s, -5*c - 2 = 4*b. Suppose -r + 17 = q, -4*q = q - b*r - 50. What is the tens digit of q?
1
Let a(o) = -o - 16. Let s be a(-16). Let x(m) = m**3 - m + 21. What is the tens digit of x(s)?
2
Let y = -70 - -61. Let l(b) = -5*b**2 - 7*b + 16. Let f(t) = -4*t**2 - 7*t + 15. Let c(s) = -4*f(s) + 3*l(s). What is the units digit of c(y)?
6
Suppose -4*b + 16 = 0, 14 = -a + 3*b + 1. Let q be 148/12 + a/3. Suppose 0 = -v - v + q. What is the units digit of v?
6
Let g = -105 - -389. What is the units digit of g?
4
Let f = 8 + -15. Let v(b) = -7*b + 1 - b**2 + 5 - 1. What is the units digit of v(f)?
5
Suppose -4*u + 140 = u. What is the units digit of u?
8
Let y = -16 - -17. What is the units digit of y?
1
Suppose 0 = p + 2 - 15. What is the units digit of p?
3
Let f(k) = -k. Suppose 3*q + 12 = q. What is the units digit of f(q)?
6
Suppose -121 - 243 = -7*u. What is the tens digit of u?
5
What is the units digit of (-3)/(-9) + 488/12?
1
What is the units digit of 1 + ((-54)/(-1))/2?
8
Suppose 4*p = -z + 18, 23 = z + 5*p + 4. What is the tens digit of z?
1
Let f = -11 + 9. Let r = f - -11. What is the units digit of r?
9
Let j = -6 + 8. Suppose -4*b + s = -73, -j*b = -s - 43 + 6. What is the units digit of b?
8
Let l = 3 - 3. Suppose -5*c + 14